{"id":684,"date":"2016-07-02T20:24:35","date_gmt":"2016-07-02T18:24:35","guid":{"rendered":"http:\/\/www.opavasoft.cz\/wordpress\/?page_id=684"},"modified":"2025-09-26T10:24:13","modified_gmt":"2025-09-26T08:24:13","slug":"lekarsky-software-ambulprowin-instalace-mini-verze","status":"publish","type":"page","link":"https:\/\/www.opavasoft.cz\/wordpress\/?page_id=684","title":{"rendered":"Ambulantn\u00ed software AmbulProWin &#8211; Instalace zku\u0161ebn\u00ed verze"},"content":{"rendered":"<p>Bezplatn\u00e1 zku\u0161ebn\u00ed verze programu pro odborn\u00e9 ambulance pln\u011b\u00a0odpov\u00edd\u00e1\u00a0ostr\u00e9 verzi programu a je ur\u010dena pro b\u011bh na jednom po\u010d\u00edta\u010di. Po uplynut\u00ed zku\u0161ebn\u00ed doby (90 dn\u00ed) \u00a0mus\u00edte program aktivovat, jinak p\u0159estane pracovat.<br \/>Kdykoliv pozd\u011bji m\u016f\u017eete p\u0159ej\u00edt\u00a0na s\u00ed\u0165ovou verzi programu. Po\u0159\u00edzen\u00e1 data ve zku\u0161ebn\u00ed verzi\u00a0m\u016f\u017eete po aktivaci programu zachovat.<\/p>\n<p><strong>Instalace programu se skl\u00e1d\u00e1 z v\u00edce krok\u016f a nen\u00ed zcela trivi\u00e1ln\u00ed, proto prov\u00e1d\u00edme na \u017e\u00e1dost instalaci demoverze zdarma p\u0159es vzd\u00e1len\u00fd p\u0159\u00edstup.<br \/><\/strong><\/p>\n<p>Pro rychl\u00e9 sezn\u00e1men\u00ed s programem doporu\u010dujeme prohl\u00e9dnout manu\u00e1l: <a href=\"https:\/\/opavasoft.cz\/tutorial\/ambulprowin-manual.pdf\"><span style=\"text-decoration: underline;\">manu\u00e1l k programu AmbulProWin (PDF verze)<\/span><\/a><\/p>\n<p>&#8211; dal\u0161\u00ed manu\u00e1ly k voliteln\u00fdm modul\u016fm:\u00a0 <a title=\"eNeschopenky(PDF verze)\" href=\"https:\/\/opavasoft.cz\/tutorial\/eNeschopenky.pdf\" target=\"_blank\" rel=\"noopener\"><span style=\"text-decoration: underline;\"><span style=\"color: #0066cc;\">eNeschopenky( PDF verze)<br \/><\/span><\/span><\/a>\u00a0<span style=\"color: #800000;\"><strong>Upozorn\u011bn\u00ed: pro otestov\u00e1n\u00ed eNeschopenek je nutn\u00fd vlastn\u00ed testovac\u00ed certifik\u00e1t. Bez spr\u00e1vn\u00e9ho nastaven\u00ed modul eNeschopenky vrac\u00ed chybu <em>&#8222;Uveden\u00e9 s\u00ed\u0165ov\u00e9 heslo nen\u00ed spr\u00e1vn\u00e9&#8220;<\/em>.\u00a0<\/strong><\/span><\/p>\n<p>Program lze nainstalovat na tyto opera\u010dn\u00ed syst\u00e9my:<\/p>\n<p>Windows 7 ( s nainstalovan\u00fdm Service Pack 1 )<br \/>Windows 8<br \/>Windows 10<br \/>Windows 11<\/p>\n<p>Pozn\u00e1mka:\u00a0 Pokud instalujete program na <strong>Windows 7<\/strong>, mus\u00edte m\u00edt na po\u010d\u00edta\u010di\u00a0 .Net Framework ve verzi minim\u00e1ln\u011b 4.5 .<br \/>Instala\u010dn\u00ed bal\u00ed\u010dek\u00a0pro aktualizaci\u00a0si m\u016f\u017eete st\u00e1hnout a nainstalovat\u00a0zde:<a title=\"dotNet4x\" href=\"https:\/\/ambul.opavasoft.cz\/dotnet4x\/NDP462-KB3151800-x86-x64-AllOS-ENU.exe\"> dotNetFramework4.x<\/a><\/p>\n<h4><strong>1. instalace SQL serveru<\/strong><\/h4>\n<p>Pro b\u011bh programu je nutn\u00e9 nejd\u0159\u00edve m\u00edt na po\u010d\u00edta\u010di nainstalov\u00e1n Microsoft SQL Server verze 2008R2 nebo vy\u0161\u0161\u00ed .<\/p>\n<p><strong>Pro provoz programu na 1 PC ( pro Win 7 a vy\u0161\u0161\u00ed ) doporu\u010dujeme nainstalovat:<\/strong> SqlLocalDB 2014 :<\/p>\n<ul>\n<li>pro 64 bit.\u00a0Windows ke sta\u017een\u00ed zde: <strong><a href=\"https:\/\/ambul.opavasoft.cz\/SqlLocalDB2014(64).msi\"><span style=\"text-decoration: underline;\"><span style=\"color: #0066cc; text-decoration: underline;\">SqlLocaDb 2014 x64<\/span><\/span><\/a> <\/strong>( stru\u010dn\u00fd n\u00e1vod k instalaci si m\u016f\u017eete st\u00e1hnout <a href=\"https:\/\/opavasoft.cz\/tutorial\/instalaceSQLLocalDB.pdf\">zde<\/a> )<br \/>( Microsoft SQL server je aktu\u00e1ln\u011b kompatibiln\u00ed s disky s max. velikosti sektoru 4KB, pokud v\u00e1\u0161 disk tuto hodnotu nespl\u0148uje, m\u016f\u017ee b\u00fdt probl\u00e9m se spu\u0161t\u011bn\u00edm SQL serveru, v takov\u00e9m p\u0159\u00edpad\u011b n\u00e1s kontaktujte a probl\u00e9m vy\u0159e\u0161\u00edme )<\/li>\n<\/ul>\n<p><span style=\"color: #000000; background-color: #ffff99;\">Po nainstalov\u00e1n\u00ed SQL serveru\u00a0 <strong>restartujte po\u010d\u00edta\u010d !!!<br \/><\/strong><\/span><\/p>\n<h4><strong>2. Nastaven\u00ed instala\u010dn\u00edho webu jako d\u016fv\u011bryhodn\u00e9ho zdroje ( doporu\u010den\u00fd nepovinn\u00fd krok )<br \/><\/strong><\/h4>\n<p>Doporu\u010dujeme nastavit ve Windows v mo\u017enostech internetu tento web <code>https:\/\/*.opavasoft.cz<\/code> jako d\u016fv\u011bryhodn\u00fd zdroj pro instalaci program\u016f.<br \/>Pokud nastaven\u00ed nen\u00ed provedeno, tak p\u0159i instalaci nebo aktualizaci programu se V\u00e1m m\u016f\u017ee \u010dast\u011bji objevovat varovn\u00e9 hl\u00e1\u0161en\u00ed SmartScreen filtru ( varovn\u00e1 modr\u00e1 obrazovka, viz popis n\u00ed\u017ee ).<\/p>\n<p>Toto nastaven\u00ed lze prov\u00e9st rychle pomoc\u00ed programu, kter\u00fd je k dispozici ke sta\u017een\u00ed zde:<strong> <a href=\"https:\/\/opavasoft.cz\/download\/3\/setup.exe\">nastaven\u00ed d\u016fv\u011bryhodn\u00e9ho webu\u00a0.<\/a><\/strong><\/p>\n<p>Nebo lze nastaven\u00ed prov\u00e9st ru\u010dn\u011b ve Windows p\u0159es<strong> Mo\u017enosti Internetu -&gt; Zabezpe\u010den\u00ed -&gt; D\u016fv\u011bryhodn\u00e9 weby -&gt; Weby -&gt;<\/strong> zde p\u0159idat web <code>https:\/\/*.opavasoft.cz<\/code> .<\/p>\n<h4><strong>3. instalace programu AmbulProWin<\/strong><\/h4>\n<p>Pokud m\u00e1te nainstalov\u00e1n SQL server, m\u016f\u017eete si st\u00e1hnout a nainstalovat program AmbulProWin pomoc\u00ed n\u00e1sleduj\u00edc\u00edho odkazu :<br \/><strong><a href=\"https:\/\/ambul.opavasoft.cz\/ambulpublish.htm\" target=\"_blank\" rel=\"noopener\"><span style=\"text-decoration: underline;\">Instalace programu AmbulProWin (pro Windows 7 SP1,\u00a0 8 , 10, 11)<\/span><\/a><\/strong><\/p>\n<p>P\u0159i instalaci programu AmbulProWin se m\u016f\u017ee objevit tato varovn\u00e1 zpr\u00e1va SmartScreen filtru :<\/p>\n<p><a href=\"https:\/\/www.opavasoft.cz\/wordpress\/wp-content\/uploads\/2016\/06\/smartsceen1.png\"><img loading=\"lazy\" class=\"  wp-image-849 alignnone\" src=\"https:\/\/www.opavasoft.cz\/wordpress\/wp-content\/uploads\/2016\/06\/smartsceen1.png\" alt=\"smartsceen1\" width=\"608\" height=\"246\" srcset=\"https:\/\/www.opavasoft.cz\/wordpress\/wp-content\/uploads\/2016\/06\/smartsceen1.png 684w, https:\/\/www.opavasoft.cz\/wordpress\/wp-content\/uploads\/2016\/06\/smartsceen1-300x121.png 300w\" sizes=\"(max-width: 608px) 100vw, 608px\" \/><\/a><br \/>Klikn\u011bte my\u0161\u00ed na text <strong>\u201eDal\u0161\u00ed informace\u201c :<\/strong><\/p>\n<p><a href=\"https:\/\/www.opavasoft.cz\/wordpress\/wp-content\/uploads\/2023\/08\/smartscr2.jpg\"><img loading=\"lazy\" class=\"wp-image-1294  alignnone\" src=\"https:\/\/www.opavasoft.cz\/wordpress\/wp-content\/uploads\/2023\/08\/smartscr2.jpg\" alt=\"\" width=\"510\" height=\"481\" srcset=\"https:\/\/www.opavasoft.cz\/wordpress\/wp-content\/uploads\/2023\/08\/smartscr2.jpg 537w, https:\/\/www.opavasoft.cz\/wordpress\/wp-content\/uploads\/2023\/08\/smartscr2-300x283.jpg 300w\" sizes=\"(max-width: 510px) 100vw, 510px\" \/><\/a><\/p>\n<p>A pot\u00e9 klikn\u011bte na tla\u010d\u00edtko <strong>\u201eP\u0159esto spustit\u201c .<\/strong><\/p>\n<p><strong><em>Upozorn\u011bn\u00ed na mo\u017en\u00e9 probl\u00e9my p\u0159i spu\u0161t\u011bn\u00ed v d\u016fsledku \u00a0kolize s antivirov\u00fdmi programy:<\/em><\/strong><\/p>\n<p><em>Pokud pou\u017e\u00edv\u00e1te antivirov\u00fd program<strong> AVAST nebo AVG<\/strong>, m\u016f\u017ee doj\u00edt k do\u010dasn\u00e9mu\u00a0probl\u00e9mu se spu\u0161t\u011bn\u00edm programu AmbulProWin. Pokud je v nastaven\u00ed antivirov\u00e9ho programu zapnuta funkce <strong>CyberCapture, <\/strong>odes\u00edl\u00e1 antivirov\u00fd program do sv\u00e9ho centra nov\u011b nainstalovan\u00fd program k anal\u00fdze. Dokud nen\u00ed anal\u00fdza ze strany antivirov\u00e9ho programu dokon\u010dena, co\u017e m\u016f\u017ee trvat n\u011bkolik hodin, nelze program spustit. V p\u0159\u00edpad\u011b probl\u00e9m\u016f lze antivirov\u00fd program\u00a0do\u010dasn\u011b deaktivovat, p\u0159\u00edpadn\u011b lze v nastaven\u00ed antivirov\u00e9ho programu funkci <strong>CyberCapture<\/strong> vypnout.\u00a0.<\/em><\/p>\n<p><em>U antivirov\u00e9ho programu<strong> COMODO <\/strong>byl zaznamen\u00e1n probl\u00e9m p\u0159i spu\u0161t\u011bn\u00ed v re\u017eimu<strong> sandbox. <\/strong>Proto nedoporu\u010dujeme\u00a0spou\u0161t\u011bt program p\u0159i\u00a0zapnut\u00ed tohoto re\u017eimu.<\/em><\/p>\n<p><em>U jin\u00fdch antivirov\u00fdch program\u016f ( nap\u0159. Microsoft Security Essentials , Windows Defender, Eset NOD32 &#8230; ) nebyly prozat\u00edm \u017e\u00e1dn\u00e9 probl\u00e9my zaznamen\u00e1ny.<br \/><\/em><\/p>\n<p>Nutnou komponentou pro tisk z programu AmbulProWin je knihovna Microsoft ReportViewer, kter\u00e1 se instaluje automaticky. Pokud by instalace selhala a program ne\u0161el spustit, m\u016f\u017eete si knihovnu doinstalovat manu\u00e1ln\u011b, je k dispozici ke sta\u017een\u00ed zde :<strong><a href=\"https:\/\/opavasoft.cz\/dp\/download\/ReportViewer10x86_64_SP1.exe\">ReportViewer10SP1-instalace<\/a><br \/><\/strong><\/p>\n<h4><strong>4. nastaven\u00ed programu<\/strong><\/h4>\n<p>Po instalaci a prvn\u00edm spu\u0161t\u011bn\u00ed programu je nutn\u00e9 vytvo\u0159it na SQL serveru datab\u00e1zi. Na n\u00e1sleduj\u00edc\u00edm obr\u00e1zku je zn\u00e1zorn\u011bn postup pro vytvo\u0159en\u00ed nov\u00e9 datab\u00e1ze na MS SQLLocalDB serveru.<\/p>\n<div style=\"width: 672px\" class=\"wp-caption alignnone\"><img loading=\"lazy\" src=\"http:\/\/opavasoft.cz\/tutorial\/vytvoreni_databaze.jpg\" alt=\"Vytvo\u0159en\u00ed datab\u00e1ze na lok\u00e1ln\u00edm serveru\" width=\"662\" height=\"430\" \/><p class=\"wp-caption-text\">Vytvo\u0159en\u00ed datab\u00e1ze na lok\u00e1ln\u00edm serveru<\/p><\/div>\n<p>Pokud je datab\u00e1ze \u00fasp\u011b\u0161n\u011b vytvo\u0159ena, zobraz\u00ed se potvrzuj\u00edc\u00ed informace a program bude automaticky restartov\u00e1n. Po op\u011btovn\u00e9m nab\u011bhnut\u00ed programu se ji\u017e m\u016f\u017eete p\u0159ihl\u00e1sit jako u\u017eivatel: <strong>lekar <\/strong>, heslo:<strong> demo<br \/><\/strong><br \/>V inici\u00e1ln\u00ed datab\u00e1zi jsou nastaveny demonstrativn\u00ed \u00fadaje pro n\u011bkolik fiktivn\u00edch pacient\u016f, kter\u00e9 si m\u016f\u017eete po vyzkou\u0161en\u00ed programu smazat.<\/p>\n<p><strong><em>Upozorn\u011bn\u00ed:<\/em><\/strong><br \/>Pokud se datab\u00e1zi nepoda\u0159\u00ed vytvo\u0159it, tak se pravd\u011bpodobn\u011b nepoda\u0159ilo SQL Server nainstalovan\u00fd v kroku 1 spustit.<br \/>M\u016f\u017ee se objevit nap\u0159. tato\u00a0hl\u00e1\u0161ka:<\/p>\n<p><img loading=\"lazy\" class=\"alignnone\" src=\"http:\/\/opavasoft.cz\/tutorial\/err1.png\" alt=\"\" width=\"436\" height=\"162\" \/><br \/>V tomto p\u0159\u00edpad\u011b obvykle posta\u010d\u00ed\u00a0restartovat po\u010d\u00edta\u010d\u00a0 a opakovat krok\u00a04 . <strong>V p\u0159\u00edpad\u011b ne\u00fasp\u011bchu n\u00e1s nev\u00e1hejte kontaktovat a probl\u00e9m se pokus\u00edme\u00a0vy\u0159e\u0161it (podpora p\u0159i instalaci je zdarma )<\/strong>.<br \/>P\u0159\u00ed\u010dinou m\u016f\u017ee b\u00fdt, \u017ee MS SQL server ve WIN 11 nen\u00ed kompatibiln\u00ed s n\u011bkter\u00fdmi nov\u00fdmi disky se sektory v\u011bt\u0161\u00edmi ne\u017e 4KB, viz:.<br \/><a href=\"https:\/\/learn.microsoft.com\/cs-cz\/troubleshoot\/sql\/database-engine\/database-file-operations\/troubleshoot-os-4kb-disk-sector-size\">https:\/\/learn.microsoft.com\/cs-cz\/troubleshoot\/sql\/database-engine\/database-file-operations\/troubleshoot-os-4kb-disk-sector-size<\/a><\/p>\n<p>Pokud se p\u0159i instalaci nebo p\u0159i spu\u0161t\u011bn\u00ed programu objev\u00ed hl\u00e1\u0161en\u00ed &#8222;Aplikace nen\u00ed spr\u00e1vn\u011b form\u00e1tov\u00e1na&#8220; :<br \/><a href=\"https:\/\/www.opavasoft.cz\/wordpress\/wp-content\/uploads\/2016\/07\/frameworkerror.jpg\"><img loading=\"lazy\" class=\" wp-image-821 size-full alignnone\" src=\"https:\/\/www.opavasoft.cz\/wordpress\/wp-content\/uploads\/2016\/07\/frameworkerror.jpg\" alt=\"frameworkerror\" width=\"378\" height=\"149\" srcset=\"https:\/\/www.opavasoft.cz\/wordpress\/wp-content\/uploads\/2016\/07\/frameworkerror.jpg 378w, https:\/\/www.opavasoft.cz\/wordpress\/wp-content\/uploads\/2016\/07\/frameworkerror-300x118.jpg 300w\" sizes=\"(max-width: 378px) 100vw, 378px\" \/><\/a><\/p>\n<p>je nutn\u00e9 prov\u00e9st aktualizaci dot Net Frameworku ( viz bod 2) nebo se pokou\u0161\u00edte instalovat program na star\u0161\u00ed verzi Windows, kter\u00e1 nen\u00ed podporov\u00e1na .<\/p>\n<h4><strong>5. prvn\u00ed p\u0159ihl\u00e1\u0161en\u00ed do programu<\/strong><\/h4>\n<p>Do programu se m\u016f\u017eete p\u0159i prvn\u00edm spu\u0161t\u011bn\u00ed p\u0159ihl\u00e1sit jako u\u017eivatel: <strong>lekar <\/strong>, heslo<strong> : demo<br \/><\/strong><\/p>\n<div style=\"width: 537px\" class=\"wp-caption alignnone\"><img loading=\"lazy\" src=\"http:\/\/opavasoft.cz\/tutorial\/prihlaseni.jpg\" alt=\"p\u0159ihl\u00e1\u0161en\u00ed do programu\" width=\"527\" height=\"392\" \/><p class=\"wp-caption-text\">p\u0159ihl\u00e1\u0161en\u00ed do program<\/p><\/div>\n<p><strong>Data &#8222;demo&#8220; pacient\u016f si m\u016f\u017eete zobrazit takto:<\/strong><\/p>\n<p>Otev\u0159ete kartot\u00e9ku:<\/p>\n<p><img loading=\"lazy\" class=\"alignnone\" src=\"http:\/\/opavasoft.cz\/tutorial\/spust_kartoteku.jpg \" alt=\"\" width=\"600\" height=\"201\" \/><\/p>\n<p>Nevypl\u0148ujte \u017e\u00e1dn\u00e9 krit\u00e9ria a potvr\u010fte tla\u010d\u00edtko<strong> &#8222;Prov\u00e9st v\u00fdb\u011br&#8220; :<\/strong><\/p>\n<p><img loading=\"lazy\" class=\"alignnone\" src=\"http:\/\/opavasoft.cz\/tutorial\/vyhledani_v_kartotece.jpg \" alt=\"\" width=\"682\" height=\"427\" \/><\/p>\n<p>Potvr\u010fte n\u00e1sleduj\u00edc\u00ed hl\u00e1\u0161en\u00ed:<\/p>\n<p><img loading=\"lazy\" class=\"alignnone\" src=\"http:\/\/opavasoft.cz\/tutorial\/potvrzeni_vyberu.jpg \" alt=\"\" width=\"452\" height=\"160\" \/><\/p>\n<p>V kartot\u00e9ce objev\u00ed v\u0161ichni p\u0159ednastaven\u00ed\u00a0zku\u0161ebn\u00ed pacienti, se kter\u00fdmi m\u016f\u017eete d\u00e1le pracovat dle manu\u00e1lu k programu:<\/p>\n<p><img loading=\"lazy\" class=\"alignnone\" src=\"http:\/\/opavasoft.cz\/tutorial\/kartoteka_seznam_demo_pac.jpg \" alt=\"\" width=\"691\" height=\"468\" \/><\/p>\n<p>N\u00e1pov\u011bda pro pou\u017eit\u00ed programu je dostupn\u00e1 pomoc\u00ed kl\u00e1vesy <strong>F1 . <\/strong>P\u0159\u00edpadn\u011b si m\u016f\u017eete st\u00e1hnou manu\u00e1l k pou\u017eit\u00ed programu: <a href=\"http:\/\/ambul.opavasoft.cz\/ambulprowin-manual.pdf\"><span style=\"text-decoration: underline;\"><span style=\"color: #0066cc; text-decoration: underline;\">manu\u00e1l k programu AmbulProWin (PDF verze)<\/span><\/span><\/a> .<br \/>P\u0159ed t\u00edm ne\u017e za\u010dnete program pou\u017e\u00edvat naostro nezapome\u0148te smazat testovac\u00ed data, nastavte program podle parametr\u016f va\u0161eho zdravotnick\u00e9ho za\u0159\u00edzen\u00ed a nastavte si nov\u00e1 hesla.<\/p>\n<p><strong><span style=\"color: #800000;\">V p\u0159\u00edpad\u011b jak\u00fdchkoliv probl\u00e9m\u016f p\u0159i instalaci nebo p\u0159i nastavov\u00e1n\u00ed programu n\u00e1s nev\u00e1hejte kontaktovat: <a style=\"color: #800000;\" href=\"mailto:info@opavasoft.cz\"><span style=\"text-decoration: underline;\">info@opavasoft.cz<\/span><\/a> . <\/span><\/strong><\/p>\n\n\n<p><\/p>\n","protected":false},"excerpt":{"rendered":"<p>Bezplatn\u00e1 zku\u0161ebn\u00ed verze programu pro odborn\u00e9 ambulance pln\u011b\u00a0odpov\u00edd\u00e1\u00a0ostr\u00e9 verzi programu a je ur\u010dena pro b\u011bh na jednom po\u010d\u00edta\u010di. Po uplynut\u00ed zku\u0161ebn\u00ed doby (90 dn\u00ed) \u00a0mus\u00edte program aktivovat, jinak p\u0159estane pracovat.Kdykoliv pozd\u011bji m\u016f\u017eete p\u0159ej\u00edt\u00a0na s\u00ed\u0165ovou verzi programu. Po\u0159\u00edzen\u00e1 data ve zku\u0161ebn\u00ed verzi\u00a0m\u016f\u017eete po aktivaci programu zachovat. Instalace programu se skl\u00e1d\u00e1 z v\u00edce krok\u016f a nen\u00ed zcela &hellip; <\/p>\n<p><a class=\"more-link block-button\" href=\"https:\/\/www.opavasoft.cz\/wordpress\/?page_id=684\">Pokra\u010dovat ve \u010dten\u00ed &raquo;<\/a><\/p>\n","protected":false},"author":1,"featured_media":0,"parent":0,"menu_order":0,"comment_status":"closed","ping_status":"open","template":"template-onecolumn.php","meta":[],"_links":{"self":[{"href":"https:\/\/www.opavasoft.cz\/wordpress\/index.php?rest_route=\/wp\/v2\/pages\/684"}],"collection":[{"href":"https:\/\/www.opavasoft.cz\/wordpress\/index.php?rest_route=\/wp\/v2\/pages"}],"about":[{"href":"https:\/\/www.opavasoft.cz\/wordpress\/index.php?rest_route=\/wp\/v2\/types\/page"}],"author":[{"embeddable":true,"href":"https:\/\/www.opavasoft.cz\/wordpress\/index.php?rest_route=\/wp\/v2\/users\/1"}],"replies":[{"embeddable":true,"href":"https:\/\/www.opavasoft.cz\/wordpress\/index.php?rest_route=%2Fwp%2Fv2%2Fcomments&post=684"}],"version-history":[{"count":81,"href":"https:\/\/www.opavasoft.cz\/wordpress\/index.php?rest_route=\/wp\/v2\/pages\/684\/revisions"}],"predecessor-version":[{"id":1323,"href":"https:\/\/www.opavasoft.cz\/wordpress\/index.php?rest_route=\/wp\/v2\/pages\/684\/revisions\/1323"}],"wp:attachment":[{"href":"https:\/\/www.opavasoft.cz\/wordpress\/index.php?rest_route=%2Fwp%2Fv2%2Fmedia&parent=684"}],"curies":[{"name":"wp","href":"https:\/\/api.w.org\/{rel}","templated":true}]}}