{"id":2,"date":"2012-10-08T13:14:17","date_gmt":"2012-10-08T11:14:17","guid":{"rendered":"http:\/\/www.opavasoft.cz\/wordpress\/?page_id=2"},"modified":"2026-02-24T13:55:43","modified_gmt":"2026-02-24T12:55:43","slug":"hlavni-stranka","status":"publish","type":"page","link":"https:\/\/www.opavasoft.cz\/wordpress\/","title":{"rendered":"\u00davod"},"content":{"rendered":"<p><!--\n\n\n<tr>\n\n\n<td><span style=\"color: #1772af;\">\u00a0<strong><span style=\"font-size: large;\">\u00a0<\/span><\/strong><\/span><strong><a href=\"https:\/\/www.opavasoft.cz\/wordpress\/?page_id=114\"><span style=\"color: #1772af; font-size: large;\">FYZIO <\/span>\n<\/a><\/strong><strong>program pro rehabilita\u010dn\u00ed za\u0159\u00edzen\u00ed\n<\/strong><span style=\"color: #ff0000;\"><strong>Upozorn\u011bn\u00ed:<\/strong> prodej programu Fyzio je moment\u00e1ln\u011b pozastaven, m\u016f\u017eete ale vyzkou\u0161et program AmbulProWin.<\/span>\n\n\n<ul>\n \t\n\n<li><strong>ur\u010den pro v\u011bt\u0161\u00ed rehabilita\u010dn\u00ed centra (15 u\u017eivatel\u016f a v\u00edce),<\/strong> pracovi\u0161t\u011b s rehabilita\u010dn\u00edmi l\u00e9ka\u0159i i fyzioterapeuty - kombinace odbornost\u00ed 201 a 902 .<\/li>\n\n\n \t\n\n<li>jedn\u00e1 se o zak\u00e1zkov\u00fd software - p\u0159ed instalac\u00ed je mo\u017eno SW p\u0159izp\u016fsobit individu\u00e1ln\u00edm podm\u00ednk\u00e1m ZZ<\/li>\n\n\n \t\n\n<li><strong>pro fyzioterapeuty (odbornost 902 ) a mal\u00e1 ZZ (odb. 201 i 902 ) doporu\u010dujeme program AmbulProWin<\/strong><\/li>\n\n\n<\/ul>\n\n\n<\/td>\n\n\n\n\n<td valign=\"top\" width=\"161\"><a href=\"https:\/\/www.opavasoft.cz\/wordpress\/?page_id=114\"><img loading=\"lazy\" class=\"aligncenter wp-image-505\" src=\"https:\/\/www.opavasoft.cz\/wordpress\/wp-content\/uploads\/2012\/10\/R2-vys-edit-detail-ter-150x150.png\" alt=\"Dekurs\" width=\"203\" height=\"203\" \/><\/a><\/td>\n\n\n<\/tr>\n\n\n--><\/p>\n<table style=\"width: 100%; height: 812px;\" border=\"0\" cellspacing=\"0\" cellpadding=\"10\">\n<tbody>\n<tr>\n<td><span style=\"color: #1772af;\"><span style=\"color: #1772af;\">\u00a0<span style=\"font-size: large;\"><a style=\"color: #1772af;\" title=\"AmbulProWin \u2013 ambulantn\u00ed software\" href=\"https:\/\/www.opavasoft.cz\/wordpress\/?page_id=614\"><span style=\"text-decoration: underline;\"><strong>AmbulProWin<\/strong><\/span><\/a><br \/>\nambulantn\u00ed software\u00a0 <\/span><\/span><\/span><\/p>\n<ul>\n<li>cenov\u011b p\u0159\u00edzniv\u00fd\u00a0program <strong>pro odborn\u00e9 ambulance (v\u010detn\u011b fyzioterapie, logopedie apod.) <\/strong>s velk\u00fdm mno\u017estv\u00edm funkc\u00ed, modern\u00edm vzhledem a intuitivn\u00edm ovl\u00e1d\u00e1n\u00edm<br \/>\n&#8211;<span style=\"color: #ff0000;\"> cena od 4000,-\u00a0 <\/span><\/li>\n<li>levn\u00e1 SW \u00fadr\u017eba programu <span style=\"color: #ff0000;\">od 290,-K\u010d \/ m\u011bs\u00edc <\/span><\/li>\n<li>podpora<strong> eReceptu a ePoukazu ( v cen\u011b standardn\u00ed licence )<\/strong><\/li>\n<li>mo\u017enost\u00a0zobrazit <strong>\u00a0sd\u00edlen\u00fd l\u00e9kov\u00fd z\u00e1znam pacienta<\/strong><\/li>\n<li>dekurs pacienta, vy\u0161et\u0159en\u00ed, v\u00fdkony, v\u00fdm\u011bnn\u00e9 listy, recepty,\u00a0objedn\u00e1vky, ukl\u00e1d\u00e1n\u00ed RTG a jin\u00fdch naskenovan\u00fdch dokument\u016f, statistiky, export dat do podepsan\u00fdch pdf soubor\u016f ,\u00a0 snadn\u00e9 vy\u00fa\u010dtov\u00e1n\u00ed v\u00fdkon\u016f<\/li>\n<li>bohat\u00e9 mo\u017enosti nastaven\u00ed a p\u0159izp\u016fsoben\u00ed programu va\u0161im pot\u0159eb\u00e1m<\/li>\n<li>automatick\u00e9 aktualizace programu a aktualizace \u010d\u00edseln\u00edk\u016f p\u0159es internet<\/li>\n<li>p\u0159\u00edm\u00e9 odes\u00edl\u00e1n\u00ed d\u00e1vek z programu do poji\u0161\u0165oven<\/li>\n<li>mo\u017enost propojen\u00ed s internetov\u00fdm rezerva\u010dn\u00edm syst\u00e9mem &#8211;<br \/>\nviz: <a title=\"online aplikace pro zdravotnictv\u00ed\" href=\"https:\/\/nase-ambulance.cz\" target=\"_blank\" rel=\"noopener noreferrer\"><span style=\"text-decoration: underline;\"><span style=\"color: #0066cc;\">nase-ambulance.cz<\/span><\/span><\/a><\/li>\n<li>voliteln\u00fd modul <a href=\"http:\/\/ambul.opavasoft.cz\/eNeschopenky.pdf\"><strong>eNeschopenky<\/strong><\/a><\/li>\n<li>voliteln\u00fd modul <span style=\"color: #3366ff;\"><strong>EET<\/strong><\/span><\/li>\n<li>program nen\u00ed vhodn\u00fd pro praktick\u00e9 l\u00e9ka\u0159e, pracovi\u0161t\u011b stomatologie a gynekologie<\/li>\n<\/ul>\n<\/td>\n<td valign=\"top\" width=\"161\">\u00a0<a title=\"\" href=\"https:\/\/www.opavasoft.cz\/wordpress\/?page_id=614\"><img loading=\"lazy\" class=\"aligncenter wp-image-616 \" src=\"https:\/\/www.opavasoft.cz\/wordpress\/wp-content\/uploads\/2016\/06\/titulObr.jpg\" alt=\"\" width=\"259\" height=\"263\" srcset=\"https:\/\/www.opavasoft.cz\/wordpress\/wp-content\/uploads\/2016\/06\/titulObr.jpg 662w, https:\/\/www.opavasoft.cz\/wordpress\/wp-content\/uploads\/2016\/06\/titulObr-295x300.jpg 295w\" sizes=\"(max-width: 259px) 100vw, 259px\" \/><\/a><\/p>\n<h4 style=\"text-align: center;\"><span style=\"background-color: #ffff99;\"><a style=\"background-color: #ffff99;\" title=\"AmbulProWin \u2013 ambulantn\u00ed software\" href=\"https:\/\/www.opavasoft.cz\/wordpress\/?page_id=614\"><span style=\"text-decoration: underline;\"><span style=\"color: #0066cc;\">V\u00edce informac\u00ed o programu zde&#8230;<\/span><\/span><\/a><\/span><strong><br \/>\n<\/strong><\/h4>\n<\/td>\n<\/tr>\n<tr>\n<td width=\"300\"><span style=\"color: #1772af;\">\u00a0<\/span><span style=\"color: #1772af;\"><span style=\"font-size: large;\"><a style=\"color: #1772af;\" href=\"https:\/\/nase-ambulance.cz\/erezervace\" target=\"_blank\" rel=\"noopener noreferrer\"><strong>Online rezerva\u010dn\u00ed syst\u00e9m pro zdravotnick\u00e1 za\u0159\u00edzen\u00ed<\/strong> <\/a><\/span><\/span><\/p>\n<ul>\n<li><span style=\"background-color: #ffff99;\">z\u00e1kladn\u00ed verze ZDARMA<\/span> !<\/li>\n<li>rychl\u00e9 z\u0159\u00edzen\u00ed, jednoduch\u00e1 obsluha, nen\u00ed pot\u0159eba nic instalovat<\/li>\n<li>jednoduch\u00e1 mo\u017enost vlo\u017een\u00ed odkazu na rezerva\u010dn\u00ed formul\u00e1\u0159 do Va\u0161ich webov\u00fdch str\u00e1nek<\/li>\n<li>vhodn\u00e9 tak\u00e9 pro l\u00e9ka\u0159e, kte\u0159\u00ed nemaj\u00ed vlastn\u00ed webov\u00e9 str\u00e1nky , mo\u017enost prezentace Va\u0161eho zdravotnick\u00e9ho za\u0159\u00edzen\u00ed v katalogu ambulanc\u00ed, sami si m\u016f\u017eete snadno udr\u017eovat aktu\u00e1ln\u00ed informace pro Va\u0161e pacienty .<\/li>\n<li>oproti b\u011b\u017en\u00fdm rezerva\u010dn\u00edm syst\u00e9m\u016fm m\u00e1te mo\u017enost nap\u0159. :\n<ul>\n<li>nastavit povinn\u00e9 zad\u00e1n\u00ed poji\u0161\u0165ovny pacienta s kontrolou na Va\u0161e smluvn\u00ed poji\u0161\u0165ovny<\/li>\n<li>omezit po\u010det duplicitn\u00edch objedn\u00e1vek do budoucnosti, nastaven\u00ed minim\u00e1ln\u00edho rozestupu objedn\u00e1vek<\/li>\n<li>dohled\u00e1n\u00ed objedn\u00e1vky pacienta ( i v p\u0159\u00edpad\u011b, \u017ee byla pacientem stornov\u00e1na )<\/li>\n<li>jednoduch\u00e9 blokov\u00e1n\u00ed term\u00edn\u016f\u00a0v dob\u011b dovolen\u00e9<\/li>\n<\/ul>\n<\/li>\n<li>a mno\u017estv\u00ed dal\u0161\u00edch nastaviteln\u00fdch vlastnost\u00ed<\/li>\n<\/ul>\n<p><em><a href=\"https:\/\/nase-ambulance.cz\/erezervace\/\" target=\"_blank\" rel=\"noopener noreferrer\">dal\u0161\u00ed informace &#8230;<\/a><\/em><\/td>\n<td style=\"text-align: center;\" width=\"161\"><a href=\"https:\/\/nase-ambulance.cz\/erezervace\"><img loading=\"lazy\" class=\"aligncenter wp-image-439\" src=\"https:\/\/www.opavasoft.cz\/wordpress\/wp-content\/uploads\/2012\/10\/erezervace1-150x150.png\" alt=\"erezervace1\" width=\"194\" height=\"150\" \/><\/a><a href=\"http:\/\/nase-ambulance.cz\" target=\"_blank\" rel=\"noopener noreferrer\">www.nase-ambulance.cz<\/a><\/td>\n<\/tr>\n<tr>\n<td><span style=\"color: #1772af; font-size: large;\"><a style=\"color: #1772af;\" title=\"str\u00e1nka se upravuje\" href=\"https:\/\/opavasoft.cz\/wordpress\/?page_id=80\"><strong>DP2013<\/strong> <\/a><\/span><strong><br \/>\n<span style=\"color: #1772af;\"> program pro agentury dom\u00e1c\u00ed p\u00e9\u010de<\/span><\/strong><\/p>\n<ul>\n<li>evidence indikac\u00ed<\/li>\n<li>pl\u00e1nov\u00e1n\u00ed n\u00e1v\u0161t\u011bv, pl\u00e1n v\u00fdkon\u016f<\/li>\n<li>p\u0159ehledn\u00e9 \u0159azen\u00ed n\u00e1v\u0161t\u011bv do j\u00edzd<\/li>\n<li>inteligentn\u00ed automatizovan\u00e9 vytv\u00e1\u0159en\u00ed pl\u00e1nu podle historie a nastaven\u00fdch parametr\u016f<\/li>\n<li>zji\u0161\u0165ov\u00e1n\u00ed p\u0159ejezdov\u00e9 vzd\u00e1lenosti podle mapy<\/li>\n<li>tisk pl\u00e1nu pro jednotliv\u00e9 sestry<\/li>\n<li>zpracov\u00e1n\u00ed zpr\u00e1vy o pr\u016fb\u011bhu p\u00e9\u010de pro l\u00e9ka\u0159e<\/li>\n<li>velk\u00e9 mno\u017estv\u00ed statistik a v\u00fdkaz\u016f, kniha j\u00edzd<\/li>\n<li>snadn\u00e9 zpracov\u00e1n\u00ed dat pro poji\u0161\u0165ovnu, automatick\u00e9 aktualizace \u010d\u00edseln\u00edk\u016f p\u0159es internet<\/li>\n<li>mo\u017enost ukl\u00e1d\u00e1n\u00ed fotodokumentace pacienta<\/li>\n<li>dopl\u0148kov\u00e1 <strong>mobiln\u00ed aplikace DPweb<\/strong> pro mo\u017enost p\u0159\u00edstupu sestry<br \/>\nk denn\u00edmu pl\u00e1nu z ter\u00e9nu p\u0159es internet<\/li>\n<li><strong>webov\u00fd formul\u00e1\u0159 indikace dom\u00e1c\u00ed p\u00e9\u010de<\/strong> pro l\u00e9ka\u0159e &#8211; viz: <a title=\"online aplikace pro zdravotnictv\u00ed\" href=\"https:\/\/nase-ambulance.cz\" target=\"_blank\" rel=\"noopener noreferrer\">nase-ambulance.cz<\/a><br \/>\n&#8211; lze vyu\u017e\u00edvat tak\u00e9 <strong>samostatn\u011b bez programu DP2013<\/strong><\/li>\n<\/ul>\n<p><em><a title=\"Dom\u00e1c\u00ed p\u00e9\u010de\" href=\"https:\/\/www.opavasoft.cz\/wordpress\/?page_id=80\">dal\u0161\u00ed informace &#8230;<\/a><\/em><\/td>\n<td valign=\"top\" width=\"161\">\n<p style=\"text-align: center;\"><a title=\"Dom\u00e1c\u00ed p\u00e9\u010de\" href=\"https:\/\/www.opavasoft.cz\/wordpress\/?page_id=80\"><img loading=\"lazy\" class=\"ngg-singlepic ngg-none  aligncenter\" style=\"margin-top: 40px; margin-bottom: 40px;\" title=\"DP 2010\" src=\"https:\/\/www.opavasoft.cz\/wordpress\/wp-content\/uploads\/2013\/01\/dp2013.jpg\" alt=\"DP2010 \u00favodn\u00ed strana \" width=\"195\" height=\"137\" \/><\/a><a href=\"https:\/\/www.opavasoft.cz\/wordpress\/wp-content\/uploads\/2022\/07\/dpWEB.jpg\"><img loading=\"lazy\" class=\"wp-image-1198 aligncenter\" src=\"https:\/\/www.opavasoft.cz\/wordpress\/wp-content\/uploads\/2022\/07\/dpWEB.jpg\" alt=\"\" width=\"154\" height=\"213\" srcset=\"https:\/\/www.opavasoft.cz\/wordpress\/wp-content\/uploads\/2022\/07\/dpWEB.jpg 551w, https:\/\/www.opavasoft.cz\/wordpress\/wp-content\/uploads\/2022\/07\/dpWEB-217x300.jpg 217w\" sizes=\"(max-width: 154px) 100vw, 154px\" \/><\/a><a title=\"Dom\u00e1c\u00ed p\u00e9\u010de\" href=\"https:\/\/www.opavasoft.cz\/wordpress\/?page_id=80\"><img loading=\"lazy\" class=\"alignnone wp-image-488 size-thumbnail\" src=\"https:\/\/www.opavasoft.cz\/wordpress\/wp-content\/uploads\/2012\/10\/eindikace-150x150.jpg\" alt=\"eindikace\" width=\"150\" height=\"150\" \/><\/a><\/p>\n<\/td>\n<\/tr>\n<\/tbody>\n<\/table>\n<p><strong>\u00a0<\/strong><\/p>\n","protected":false},"excerpt":{"rendered":"<p>\u00a0AmbulProWin ambulantn\u00ed software\u00a0 cenov\u011b p\u0159\u00edzniv\u00fd\u00a0program pro odborn\u00e9 ambulance (v\u010detn\u011b fyzioterapie, logopedie apod.) s velk\u00fdm mno\u017estv\u00edm funkc\u00ed, modern\u00edm vzhledem a intuitivn\u00edm ovl\u00e1d\u00e1n\u00edm &#8211; cena od 4000,-\u00a0 levn\u00e1 SW \u00fadr\u017eba programu od 290,-K\u010d \/ m\u011bs\u00edc podpora eReceptu a ePoukazu ( v cen\u011b standardn\u00ed licence ) mo\u017enost\u00a0zobrazit \u00a0sd\u00edlen\u00fd l\u00e9kov\u00fd z\u00e1znam pacienta dekurs pacienta, vy\u0161et\u0159en\u00ed, v\u00fdkony, v\u00fdm\u011bnn\u00e9 listy, recepty,\u00a0objedn\u00e1vky, &hellip; <\/p>\n<p><a class=\"more-link block-button\" href=\"https:\/\/www.opavasoft.cz\/wordpress\/\">Pokra\u010dovat ve \u010dten\u00ed &raquo;<\/a><\/p>\n","protected":false},"author":1,"featured_media":0,"parent":0,"menu_order":1,"comment_status":"closed","ping_status":"closed","template":"template-twocolumnsleft.php","meta":[],"_links":{"self":[{"href":"https:\/\/www.opavasoft.cz\/wordpress\/index.php?rest_route=\/wp\/v2\/pages\/2"}],"collection":[{"href":"https:\/\/www.opavasoft.cz\/wordpress\/index.php?rest_route=\/wp\/v2\/pages"}],"about":[{"href":"https:\/\/www.opavasoft.cz\/wordpress\/index.php?rest_route=\/wp\/v2\/types\/page"}],"author":[{"embeddable":true,"href":"https:\/\/www.opavasoft.cz\/wordpress\/index.php?rest_route=\/wp\/v2\/users\/1"}],"replies":[{"embeddable":true,"href":"https:\/\/www.opavasoft.cz\/wordpress\/index.php?rest_route=%2Fwp%2Fv2%2Fcomments&post=2"}],"version-history":[{"count":155,"href":"https:\/\/www.opavasoft.cz\/wordpress\/index.php?rest_route=\/wp\/v2\/pages\/2\/revisions"}],"predecessor-version":[{"id":1329,"href":"https:\/\/www.opavasoft.cz\/wordpress\/index.php?rest_route=\/wp\/v2\/pages\/2\/revisions\/1329"}],"wp:attachment":[{"href":"https:\/\/www.opavasoft.cz\/wordpress\/index.php?rest_route=%2Fwp%2Fv2%2Fmedia&parent=2"}],"curies":[{"name":"wp","href":"https:\/\/api.w.org\/{rel}","templated":true}]}}